{"id":2079,"date":"2020-12-14T11:57:01","date_gmt":"2020-12-14T10:57:01","guid":{"rendered":"https:\/\/fjordos.usn.no\/?page_id=2079"},"modified":"2021-01-26T16:11:02","modified_gmt":"2021-01-26T15:11:02","slug":"slider-side-1","status":"publish","type":"page","link":"https:\/\/fjordos.usn.no\/?page_id=2079","title":{"rendered":"Resultater fra forskjellige omr\u00e5der"},"content":{"rendered":"\n<p>Velg en sone for \u00e5 se vannstand, temperatur, saltholdighet, str\u00f8m og drivbaner for den enkelte sonen.<\/p>\n\n\n\n<div class=\"wp-block-columns are-vertically-aligned-center is-layout-flex wp-container-core-columns-is-layout-9d6595d7 wp-block-columns-is-layout-flex\">\n<div class=\"wp-block-column is-vertically-aligned-center is-layout-flow wp-block-column-is-layout-flow\">\n<style>\n\t#hotspot-2122 .hotspots-image-container,\n\t#hotspot-2122 .leaflet-container {\n\t\tbackground: #ffffff\t}\n\n\t#hotspot-2122 .hotspots-placeholder {\n\t\tbackground: #2E2D29;\n\t\tborder: 0 #2E2D29 solid;\n\t\tcolor: #ffffff;\n\t}\n\n\t#hotspot-2122 .hotspot-title {\n\t\tcolor: #3a558a;\n\t}\n\n\t\t\t#hotspot-2122 .hotspot-default {\n\t\t\tstroke-width: 2;\n\t\t\tfill: #ffffff;\n\t\t\tfill-opacity: 0;\n\t\t\tstroke: #ffffff;\n\t\t\tstroke-opacity: 0;\n\t\t}\n\t\t#hotspot-2122 .hotspot-default:hover,\n\t\t#hotspot-2122 .hotspot-default:focus,\n\t\t#hotspot-2122 .hotspot-default.hotspot-active {\n\t\t\tfill: #dd3333;\n\t\t\tfill-opacity: 0.51;\n\t\t\tstroke: #dd3333;\n\t\t\tstroke-opacity: 1.01;\n\t\t}\n\t\t#hotspot-2122 .leaflet-tooltip,\n\t#hotspot-2122 .leaflet-rrose-content-wrapper {\n\t\tbackground: #2E2D29;\n\t\tborder-color: #2E2D29;\n\t\tcolor: #ffffff;\n\t}\n\n\t#hotspot-2122 a.leaflet-rrose-close-button {\n\t\tcolor: #3a558a;\n\t}\n\n\t#hotspot-2122 .leaflet-rrose-tip {\n\t\tbackground: #2E2D29;\n\t}\n\n\t#hotspot-2122 .leaflet-popup-scrolled {\n\t\tborder-bottom-color: #ffffff;\n\t\tborder-top-color: #ffffff;\n\t}\n\n\t#hotspot-2122 .leaflet-tooltip-top:before {\n\t\tborder-top-color: #2E2D29;\n\t}\n\n\t#hotspot-2122 .leaflet-tooltip-bottom:before {\n\t\tborder-bottom-color: #2E2D29;\n\t}\n\t#hotspot-2122 .leaflet-tooltip-left:before {\n\t\tborder-left-color: #2E2D29;\n\t}\n\t#hotspot-2122 .leaflet-tooltip-right:before {\n\t\tborder-right-color: #2E2D29;\n\t}\n<\/style>\n\n\n\t<div class=\"hotspots-container links-only layout-left event-click\" id=\"hotspot-2122\" data-layout=\"left\" data-trigger=\"click\">\n\t\t<div class=\"hotspots-interaction\">\n\t\t\t<div class=\"hotspots-image-container\">\n\t<img\n\t\twidth=\"379\"\n\t\theight=\"600\"\n\t\tsrc=\"https:\/\/fjordos.usn.no\/wp-content\/uploads\/2021\/01\/Sonekart.png\"\n\t\talt=\"Soner\"\n\t\tclass=\"hotspots-image skip-lazy\"\n\t\tusemap=\"#hotspots-image-2122\"\n\t\tdata-image-title=\"Soner\"\n\t\tdata-image-description=\"\"\n\t\tdata-event-trigger=\"click\"\n\t\tdata-always-visible=\"false\"\n\t\tdata-id=\"2122\"\n\t\tdata-no-lazy=\"1\"\n\t\tdata-lazy-src=\"\"\n\t\tdata-lazy=\"false\"\n\t\tloading=\"eager\"\n\t\tdata-skip-lazy=\"1\"\n\t\t>\n<\/div>\t\t<\/div>\n\t\t<map name=\"hotspots-image-2122\" class=\"hotspots-map\">\n\t\t\t\t\t\t\t\t\t\t\t<area\n\t\t\t\t\tshape=\"poly\"\n\t\t\t\t\tcoords=\"236,141,239,117,238,95,249,73,252,58,246,45,242,34,240,28,246,26,232,29,224,24,225,32,220,37,216,54,225,63,230,93\"\n\t\t\t\t\thref=\"#\"\n\t\t\t\t\trel=\"\"\n\t\t\t\t\ttitle=\"Sone 1 - Bunnefjorden\"\n\t\t\t\t\talt=\"Sone 1 - Bunnefjorden\"\n\t\t\t\t\tdata-action=\"url\"\n\t\t\t\t\tdata-color-scheme=\"\"\n\t\t\t\t\ttarget=\"\"\n\t\t\t\t\tclass=\"url-area\"\n\t\t\t\t\t>\n\t\t\t\t\t\t\t\t\t\t\t<area\n\t\t\t\t\tshape=\"poly\"\n\t\t\t\t\tcoords=\"182,60,204,78,211,67,214,51,220,38,216,29,217,22,209,29,209,39,201,47,198,33,188,39,181,37,174,42,174,50\"\n\t\t\t\t\thref=\"https:\/\/fjordos.usn.no\/soner\/sone02.html\"\n\t\t\t\t\trel=\"\"\n\t\t\t\t\ttitle=\"Sone 2 - Vestfjorden nord\"\n\t\t\t\t\talt=\"Sone 2 - Vestfjorden nord\"\n\t\t\t\t\tdata-action=\"url\"\n\t\t\t\t\tdata-color-scheme=\"\"\n\t\t\t\t\ttarget=\"\"\n\t\t\t\t\tclass=\"url-area\"\n\t\t\t\t\t>\n\t\t\t\t\t\t\t\t\t\t\t<area\n\t\t\t\t\tshape=\"poly\"\n\t\t\t\t\tcoords=\"204,82,181,62,173,58,164,59,165,66,157,70,161,78,165,89,166,100,166,117,172,115,192,116\"\n\t\t\t\t\thref=\"https:\/\/fjordos.usn.no\/soner\/sone03.html\"\n\t\t\t\t\trel=\"\"\n\t\t\t\t\ttitle=\"Sone 3 - Vestfjorden s\u00f8r\"\n\t\t\t\t\talt=\"Sone 3 - Vestfjorden s\u00f8r\"\n\t\t\t\t\tdata-action=\"url\"\n\t\t\t\t\tdata-color-scheme=\"\"\n\t\t\t\t\ttarget=\"\"\n\t\t\t\t\tclass=\"url-area\"\n\t\t\t\t\t>\n\t\t\t\t\t\t\t\t\t\t\t<area\n\t\t\t\t\tshape=\"poly\"\n\t\t\t\t\tcoords=\"193,121,172,119,173,135,173,159,181,167,190,177,196,173,204,176,209,154,199,162,193,140\"\n\t\t\t\t\thref=\"https:\/\/fjordos.usn.no\/soner\/sone04.html\"\n\t\t\t\t\trel=\"\"\n\t\t\t\t\ttitle=\"Sone 4 - Dr\u00f8baksundet nord\"\n\t\t\t\t\talt=\"Sone 4 - Dr\u00f8baksundet nord\"\n\t\t\t\t\tdata-action=\"url\"\n\t\t\t\t\tdata-color-scheme=\"\"\n\t\t\t\t\ttarget=\"\"\n\t\t\t\t\tclass=\"url-area\"\n\t\t\t\t\t>\n\t\t\t\t\t\t\t\t\t\t\t<area\n\t\t\t\t\tshape=\"poly\"\n\t\t\t\t\tcoords=\"190,245,216,254,212,236,214,212,207,189,207,178,196,177,196,196,201,212,203,229,198,240\"\n\t\t\t\t\thref=\"https:\/\/fjordos.usn.no\/soner\/sone05.html\"\n\t\t\t\t\trel=\"\"\n\t\t\t\t\ttitle=\"Sone 5 - Dr\u00f8baksundet s\u00f8r\"\n\t\t\t\t\talt=\"Sone 5 - Dr\u00f8baksundet s\u00f8r\"\n\t\t\t\t\tdata-action=\"url\"\n\t\t\t\t\tdata-color-scheme=\"\"\n\t\t\t\t\ttarget=\"\"\n\t\t\t\t\tclass=\"url-area\"\n\t\t\t\t\t>\n\t\t\t\t\t\t\t\t\t\t\t<area\n\t\t\t\t\tshape=\"poly\"\n\t\t\t\t\tcoords=\"140,205,147,203,145,194,144,172,144,164,137,160,124,147,110,142,102,131,89,125,89,117,76,130,87,136,97,151,111,157,129,168\"\n\t\t\t\t\thref=\"https:\/\/fjordos.usn.no\/soner\/sone06.html\"\n\t\t\t\t\trel=\"\"\n\t\t\t\t\ttitle=\"Sone 6 - Indre Drammensfjord\"\n\t\t\t\t\talt=\"Sone 6 - Indre Drammensfjord\"\n\t\t\t\t\tdata-action=\"url\"\n\t\t\t\t\tdata-color-scheme=\"\"\n\t\t\t\t\ttarget=\"\"\n\t\t\t\t\tclass=\"url-area\"\n\t\t\t\t\t>\n\t\t\t\t\t\t\t\t\t\t\t<area\n\t\t\t\t\tshape=\"poly\"\n\t\t\t\t\tcoords=\"139,208,147,210,144,227,139,258,130,255\"\n\t\t\t\t\thref=\"https:\/\/fjordos.usn.no\/soner\/sone07.html\"\n\t\t\t\t\trel=\"\"\n\t\t\t\t\ttitle=\"Sone 7 - Ytre Drammensfjord\"\n\t\t\t\t\talt=\"Sone 7 - Ytre Drammensfjord\"\n\t\t\t\t\tdata-action=\"url\"\n\t\t\t\t\tdata-color-scheme=\"\"\n\t\t\t\t\ttarget=\"\"\n\t\t\t\t\tclass=\"url-area\"\n\t\t\t\t\t>\n\t\t\t\t\t\t\t\t\t\t\t<area\n\t\t\t\t\tshape=\"poly\"\n\t\t\t\t\tcoords=\"124,270,129,259,120,257,86,234,92,258,98,258,103,275,113,281,114,291,120,287,121,299,129,312,136,308,142,311,148,302\"\n\t\t\t\t\thref=\"https:\/\/fjordos.usn.no\/soner\/sone08.html\"\n\t\t\t\t\trel=\"\"\n\t\t\t\t\ttitle=\"Sone 8 - Sande og Holmestrand\"\n\t\t\t\t\talt=\"Sone 8 - Sande og Holmestrand\"\n\t\t\t\t\tdata-action=\"url\"\n\t\t\t\t\tdata-color-scheme=\"\"\n\t\t\t\t\ttarget=\"\"\n\t\t\t\t\tclass=\"url-area\"\n\t\t\t\t\t>\n\t\t\t\t\t\t\t\t\t\t\t<area\n\t\t\t\t\tshape=\"poly\"\n\t\t\t\t\tcoords=\"150,308,162,308,172,296,166,285,168,260,156,263,146,263,139,258,130,257,123,275\"\n\t\t\t\t\thref=\"https:\/\/fjordos.usn.no\/soner\/sone09.html\"\n\t\t\t\t\trel=\"\"\n\t\t\t\t\ttitle=\"Sone 9 - Breiangen vest\"\n\t\t\t\t\talt=\"Sone 9 - Breiangen vest\"\n\t\t\t\t\tdata-action=\"url\"\n\t\t\t\t\tdata-color-scheme=\"\"\n\t\t\t\t\ttarget=\"\"\n\t\t\t\t\tclass=\"url-area\"\n\t\t\t\t\t>\n\t\t\t\t\t\t\t\t\t\t\t<area\n\t\t\t\t\tshape=\"poly\"\n\t\t\t\t\tcoords=\"166,284,173,297,202,301,208,299,211,292,214,285,214,278,209,270,221,260,215,252,190,246,168,262\"\n\t\t\t\t\thref=\"https:\/\/fjordos.usn.no\/soner\/sone10.html\"\n\t\t\t\t\trel=\"\"\n\t\t\t\t\ttitle=\"Sone 10 - Breiangen \u00f8st\"\n\t\t\t\t\talt=\"Sone 10 - Breiangen \u00f8st\"\n\t\t\t\t\tdata-action=\"url\"\n\t\t\t\t\tdata-color-scheme=\"\"\n\t\t\t\t\ttarget=\"\"\n\t\t\t\t\tclass=\"url-area\"\n\t\t\t\t\t>\n\t\t\t\t\t\t\t\t\t\t\t<area\n\t\t\t\t\tshape=\"poly\"\n\t\t\t\t\tcoords=\"197,325,209,338,220,307,223,298,223,280,219,262,212,269,215,294,209,319\"\n\t\t\t\t\thref=\"https:\/\/fjordos.usn.no\/soner\/sone11.html\"\n\t\t\t\t\trel=\"\"\n\t\t\t\t\ttitle=\"Sone 11 - Mossesundet\"\n\t\t\t\t\talt=\"Sone 11 - Mossesundet\"\n\t\t\t\t\tdata-action=\"url\"\n\t\t\t\t\tdata-color-scheme=\"\"\n\t\t\t\t\ttarget=\"\"\n\t\t\t\t\tclass=\"url-area\"\n\t\t\t\t\t>\n\t\t\t\t\t\t\t\t\t\t\t<area\n\t\t\t\t\tshape=\"poly\"\n\t\t\t\t\tcoords=\"169,383,177,355,175,322,164,310,150,310,159,325,156,353,158,366\"\n\t\t\t\t\thref=\"https:\/\/fjordos.usn.no\/soner\/sone12.html\"\n\t\t\t\t\trel=\"\"\n\t\t\t\t\ttitle=\"Sone 12 - Bast\u00f8yrenna\"\n\t\t\t\t\talt=\"Sone 12 - Bast\u00f8yrenna\"\n\t\t\t\t\tdata-action=\"url\"\n\t\t\t\t\tdata-color-scheme=\"\"\n\t\t\t\t\ttarget=\"\"\n\t\t\t\t\tclass=\"url-area\"\n\t\t\t\t\t>\n\t\t\t\t\t\t\t\t\t\t\t<area\n\t\t\t\t\tshape=\"poly\"\n\t\t\t\t\tcoords=\"176,346,209,339,193,318,201,304,174,298,161,308,174,320\"\n\t\t\t\t\thref=\"https:\/\/fjordos.usn.no\/soner\/sone13.html\"\n\t\t\t\t\trel=\"\"\n\t\t\t\t\ttitle=\"Sone 13 - Breangen s\u00f8r\"\n\t\t\t\t\talt=\"Sone 13 - Breangen s\u00f8r\"\n\t\t\t\t\tdata-action=\"url\"\n\t\t\t\t\tdata-color-scheme=\"\"\n\t\t\t\t\ttarget=\"\"\n\t\t\t\t\tclass=\"url-area\"\n\t\t\t\t\t>\n\t\t\t\t\t\t\t\t\t\t\t<area\n\t\t\t\t\tshape=\"poly\"\n\t\t\t\t\tcoords=\"173,393,183,394,188,372,178,357,166,380,173,385\"\n\t\t\t\t\thref=\"https:\/\/fjordos.usn.no\/soner\/sone14.html\"\n\t\t\t\t\trel=\"\"\n\t\t\t\t\ttitle=\"Sone 14 - Slagentangen\"\n\t\t\t\t\talt=\"Sone 14 - Slagentangen\"\n\t\t\t\t\tdata-action=\"url\"\n\t\t\t\t\tdata-color-scheme=\"\"\n\t\t\t\t\ttarget=\"\"\n\t\t\t\t\tclass=\"url-area\"\n\t\t\t\t\t>\n\t\t\t\t\t\t\t\t\t\t\t<area\n\t\t\t\t\tshape=\"poly\"\n\t\t\t\t\tcoords=\"182,394,203,394,205,382,213,375,217,354,212,350,213,338,177,343,177,354,187,367\"\n\t\t\t\t\thref=\"https:\/\/fjordos.usn.no\/soner\/sone15.html\"\n\t\t\t\t\trel=\"\"\n\t\t\t\t\ttitle=\"Sone 15 - Larkollen\"\n\t\t\t\t\talt=\"Sone 15 - Larkollen\"\n\t\t\t\t\tdata-action=\"url\"\n\t\t\t\t\tdata-color-scheme=\"\"\n\t\t\t\t\ttarget=\"\"\n\t\t\t\t\tclass=\"url-area\"\n\t\t\t\t\t>\n\t\t\t\t\t\t\t\t\t\t\t<area\n\t\t\t\t\tshape=\"poly\"\n\t\t\t\t\tcoords=\"109,494,124,495,121,456,131,442,132,418,141,425,144,431,157,437,158,428,150,423,132,410,123,426,125,433,117,446,112,471\"\n\t\t\t\t\thref=\"https:\/\/fjordos.usn.no\/soner\/sone16.html\"\n\t\t\t\t\trel=\"\"\n\t\t\t\t\ttitle=\"Sone 16 - T\u00f8nsbergfjorden nord\"\n\t\t\t\t\talt=\"Sone 16 - T\u00f8nsbergfjorden nord\"\n\t\t\t\t\tdata-action=\"url\"\n\t\t\t\t\tdata-color-scheme=\"\"\n\t\t\t\t\ttarget=\"\"\n\t\t\t\t\tclass=\"url-area\"\n\t\t\t\t\t>\n\t\t\t\t\t\t\t\t\t\t\t<area\n\t\t\t\t\tshape=\"poly\"\n\t\t\t\t\tcoords=\"150,485,190,485,203,472,179,429,182,396,171,395,165,405,166,415,161,421,158,434,151,451,156,460\"\n\t\t\t\t\thref=\"https:\/\/fjordos.usn.no\/soner\/sone17.html\"\n\t\t\t\t\trel=\"\"\n\t\t\t\t\ttitle=\"Sone 17 - Bol\u00e6rne\"\n\t\t\t\t\talt=\"Sone 17 - Bol\u00e6rne\"\n\t\t\t\t\tdata-action=\"url\"\n\t\t\t\t\tdata-color-scheme=\"\"\n\t\t\t\t\ttarget=\"\"\n\t\t\t\t\tclass=\"url-area\"\n\t\t\t\t\t>\n\t\t\t\t\t\t\t\t\t\t\t<area\n\t\t\t\t\tshape=\"poly\"\n\t\t\t\t\tcoords=\"202,471,231,471,226,449,204,421,204,395,185,394,177,428\"\n\t\t\t\t\thref=\"https:\/\/fjordos.usn.no\/soner\/sone18.html\"\n\t\t\t\t\trel=\"\"\n\t\t\t\t\ttitle=\"Sone 18 - Hollenderb\u00e5en\"\n\t\t\t\t\talt=\"Sone 18 - Hollenderb\u00e5en\"\n\t\t\t\t\tdata-action=\"url\"\n\t\t\t\t\tdata-color-scheme=\"\"\n\t\t\t\t\ttarget=\"\"\n\t\t\t\t\tclass=\"url-area\"\n\t\t\t\t\t>\n\t\t\t\t\t\t\t\t\t\t\t<area\n\t\t\t\t\tshape=\"poly\"\n\t\t\t\t\tcoords=\"217,375,207,381,203,419,229,447,243,447,236,423,243,415,236,413,238,405,253,385,237,393,239,375,228,387,222,394\"\n\t\t\t\t\thref=\"https:\/\/fjordos.usn.no\/soner\/sone19.html\"\n\t\t\t\t\trel=\"\"\n\t\t\t\t\ttitle=\"Sone 19 - Rauer nord\"\n\t\t\t\t\talt=\"Sone 19 - Rauer nord\"\n\t\t\t\t\tdata-action=\"url\"\n\t\t\t\t\tdata-color-scheme=\"\"\n\t\t\t\t\ttarget=\"\"\n\t\t\t\t\tclass=\"url-area\"\n\t\t\t\t\t>\n\t\t\t\t\t\t\t\t\t\t\t<area\n\t\t\t\t\tshape=\"poly\"\n\t\t\t\t\tcoords=\"79,559,86,572,134,558,133,543,132,522,126,522,129,497,113,494,110,504,102,494,100,505,107,518,106,543,92,511,96,548,80,506,81,542\"\n\t\t\t\t\thref=\"https:\/\/fjordos.usn.no\/soner\/sone20.html\"\n\t\t\t\t\trel=\"\"\n\t\t\t\t\ttitle=\"Sone 20 - T\u00f8nsbergfjorden s\u00f8r og Sandefjord\"\n\t\t\t\t\talt=\"Sone 20 - T\u00f8nsbergfjorden s\u00f8r og Sandefjord\"\n\t\t\t\t\tdata-action=\"url\"\n\t\t\t\t\tdata-color-scheme=\"\"\n\t\t\t\t\ttarget=\"\"\n\t\t\t\t\tclass=\"url-area\"\n\t\t\t\t\t>\n\t\t\t\t\t\t\t\t\t\t\t<area\n\t\t\t\t\tshape=\"poly\"\n\t\t\t\t\tcoords=\"132,546,134,558,174,543,191,484,151,483,144,491,150,495,150,508,152,524,158,530,157,538\"\n\t\t\t\t\thref=\"https:\/\/fjordos.usn.no\/soner\/sone21.html\"\n\t\t\t\t\trel=\"\"\n\t\t\t\t\ttitle=\"Sone 21 - F\u00e6rder vest\"\n\t\t\t\t\talt=\"Sone 21 - F\u00e6rder vest\"\n\t\t\t\t\tdata-action=\"url\"\n\t\t\t\t\tdata-color-scheme=\"\"\n\t\t\t\t\ttarget=\"\"\n\t\t\t\t\tclass=\"url-area\"\n\t\t\t\t\t>\n\t\t\t\t\t\t\t\t\t\t\t<area\n\t\t\t\t\tshape=\"poly\"\n\t\t\t\t\tcoords=\"172,540,214,559,244,532,230,470,204,471,189,483\"\n\t\t\t\t\thref=\"https:\/\/fjordos.usn.no\/soner\/sone22.html\"\n\t\t\t\t\trel=\"\"\n\t\t\t\t\ttitle=\"Sone 22 - F\u00e6rder \u00f8st\"\n\t\t\t\t\talt=\"Sone 22 - F\u00e6rder \u00f8st\"\n\t\t\t\t\tdata-action=\"url\"\n\t\t\t\t\tdata-color-scheme=\"\"\n\t\t\t\t\ttarget=\"\"\n\t\t\t\t\tclass=\"url-area\"\n\t\t\t\t\t>\n\t\t\t\t\t\t\t\t\t\t\t<area\n\t\t\t\t\tshape=\"poly\"\n\t\t\t\t\tcoords=\"241,447,226,448,243,532,268,532,268,522,262,473,253,465,258,454,244,436\"\n\t\t\t\t\thref=\"https:\/\/fjordos.usn.no\/soner\/sone23.html\"\n\t\t\t\t\trel=\"\"\n\t\t\t\t\ttitle=\"Sone 23 - Hank\u00f8\"\n\t\t\t\t\talt=\"Sone 23 - Hank\u00f8\"\n\t\t\t\t\tdata-action=\"url\"\n\t\t\t\t\tdata-color-scheme=\"\"\n\t\t\t\t\ttarget=\"\"\n\t\t\t\t\tclass=\"url-area\"\n\t\t\t\t\t>\n\t\t\t\t\t\t\t\t\t\t\t<area\n\t\t\t\t\tshape=\"poly\"\n\t\t\t\t\tcoords=\"266,519,274,511,270,506,278,503,285,508,292,500,289,496,288,481,281,468,271,476,262,471,260,483\"\n\t\t\t\t\thref=\"https:\/\/fjordos.usn.no\/soner\/sone24.html\"\n\t\t\t\t\trel=\"\"\n\t\t\t\t\ttitle=\"Sone 24 - Str\u00f8mtangen\"\n\t\t\t\t\talt=\"Sone 24 - Str\u00f8mtangen\"\n\t\t\t\t\tdata-action=\"url\"\n\t\t\t\t\tdata-color-scheme=\"\"\n\t\t\t\t\ttarget=\"\"\n\t\t\t\t\tclass=\"url-area\"\n\t\t\t\t\t>\n\t\t\t\t\t\t\t\t\t\t\t<area\n\t\t\t\t\tshape=\"poly\"\n\t\t\t\t\tcoords=\"92,590,78,559,56,573,45,573,36,573,37,567,29,565,19,547,15,555,22,571,23,581,20,591\"\n\t\t\t\t\thref=\"https:\/\/fjordos.usn.no\/soner\/sone25.html\"\n\t\t\t\t\trel=\"\"\n\t\t\t\t\ttitle=\"Sone 25 - Larvikfjorden\"\n\t\t\t\t\talt=\"Sone 25 - Larvikfjorden\"\n\t\t\t\t\tdata-action=\"url\"\n\t\t\t\t\tdata-color-scheme=\"\"\n\t\t\t\t\ttarget=\"\"\n\t\t\t\t\tclass=\"url-area\"\n\t\t\t\t\t>\n\t\t\t\t\t\t\t\t\t\t\t<area\n\t\t\t\t\tshape=\"poly\"\n\t\t\t\t\tcoords=\"86,574,94,590,159,590,151,553\"\n\t\t\t\t\thref=\"https:\/\/fjordos.usn.no\/soner\/sone26.html\"\n\t\t\t\t\trel=\"\"\n\t\t\t\t\ttitle=\"Sone 26 - Syd\u00f8st grunnen\"\n\t\t\t\t\talt=\"Sone 26 - Syd\u00f8st grunnen\"\n\t\t\t\t\tdata-action=\"url\"\n\t\t\t\t\tdata-color-scheme=\"\"\n\t\t\t\t\ttarget=\"\"\n\t\t\t\t\tclass=\"url-area\"\n\t\t\t\t\t>\n\t\t\t\t\t\t\t\t\t\t\t<area\n\t\t\t\t\tshape=\"poly\"\n\t\t\t\t\tcoords=\"158,591,209,590,206,567,212,560,173,540,169,547,150,554\"\n\t\t\t\t\thref=\"https:\/\/fjordos.usn.no\/soner\/sone27.html\"\n\t\t\t\t\trel=\"\"\n\t\t\t\t\ttitle=\"Sone 27 - Tristein\"\n\t\t\t\t\talt=\"Sone 27 - Tristein\"\n\t\t\t\t\tdata-action=\"url\"\n\t\t\t\t\tdata-color-scheme=\"\"\n\t\t\t\t\ttarget=\"\"\n\t\t\t\t\tclass=\"url-area\"\n\t\t\t\t\t>\n\t\t\t\t\t\t\t\t\t\t\t<area\n\t\t\t\t\tshape=\"poly\"\n\t\t\t\t\tcoords=\"208,591,209,567,244,534,270,531,271,556,240,591\"\n\t\t\t\t\thref=\"https:\/\/fjordos.usn.no\/soner\/sone28.html\"\n\t\t\t\t\trel=\"\"\n\t\t\t\t\ttitle=\"Sone 28 - Torbj\u00f8rnskj\u00e6r vest\"\n\t\t\t\t\talt=\"Sone 28 - Torbj\u00f8rnskj\u00e6r vest\"\n\t\t\t\t\tdata-action=\"url\"\n\t\t\t\t\tdata-color-scheme=\"\"\n\t\t\t\t\ttarget=\"\"\n\t\t\t\t\tclass=\"url-area\"\n\t\t\t\t\t>\n\t\t\t\t\t\t\t\t\t\t\t<area\n\t\t\t\t\tshape=\"poly\"\n\t\t\t\t\tcoords=\"239,592,270,559,306,590\"\n\t\t\t\t\thref=\"https:\/\/fjordos.usn.no\/soner\/sone29.html\"\n\t\t\t\t\trel=\"\"\n\t\t\t\t\ttitle=\"Sone 29 - Torbj\u00f8rnskj\u00e6r \u00f8st\"\n\t\t\t\t\talt=\"Sone 29 - Torbj\u00f8rnskj\u00e6r \u00f8st\"\n\t\t\t\t\tdata-action=\"url\"\n\t\t\t\t\tdata-color-scheme=\"\"\n\t\t\t\t\ttarget=\"\"\n\t\t\t\t\tclass=\"url-area\"\n\t\t\t\t\t>\n\t\t\t\t\t\t\t\t\t\t\t<area\n\t\t\t\t\tshape=\"poly\"\n\t\t\t\t\tcoords=\"271,556,307,592,320,560,295,542,288,537,280,535,271,533\"\n\t\t\t\t\thref=\"https:\/\/fjordos.usn.no\/soner\/sone30.html\"\n\t\t\t\t\trel=\"\"\n\t\t\t\t\ttitle=\"Sone 30 - Hvaler s\u00f8r\"\n\t\t\t\t\talt=\"Sone 30 - Hvaler s\u00f8r\"\n\t\t\t\t\tdata-action=\"url\"\n\t\t\t\t\tdata-color-scheme=\"\"\n\t\t\t\t\ttarget=\"\"\n\t\t\t\t\tclass=\"url-area\"\n\t\t\t\t\t>\n\t\t\t\t\t\t\t\t\t\t\t<area\n\t\t\t\t\tshape=\"poly\"\n\t\t\t\t\tcoords=\"296,544,319,561,317,537,321,527,327,527,334,513,334,500,324,495,324,489,318,491,307,481,308,498,292,495,295,502,308,508,296,510,304,516\"\n\t\t\t\t\thref=\"https:\/\/fjordos.usn.no\/soner\/sone31.html\"\n\t\t\t\t\trel=\"\"\n\t\t\t\t\ttitle=\"Sone 31 - Hvaler nord\"\n\t\t\t\t\talt=\"Sone 31 - Hvaler nord\"\n\t\t\t\t\tdata-action=\"url\"\n\t\t\t\t\tdata-color-scheme=\"\"\n\t\t\t\t\ttarget=\"\"\n\t\t\t\t\tclass=\"url-area\"\n\t\t\t\t\t>\n\t\t\t\t\t\t\t\t\t\t\t<area\n\t\t\t\t\tshape=\"poly\"\n\t\t\t\t\tcoords=\"332,500,341,502,350,502,355,493,350,476,337,449,340,444,362,479,364,497,356,513,364,521,365,553,353,544,348,528,340,524,332,516\"\n\t\t\t\t\thref=\"https:\/\/fjordos.usn.no\/soner\/sone32.html\"\n\t\t\t\t\trel=\"\"\n\t\t\t\t\ttitle=\"Sone 32 - Singlefjorden\"\n\t\t\t\t\talt=\"Sone 32 - Singlefjorden\"\n\t\t\t\t\tdata-action=\"url\"\n\t\t\t\t\tdata-color-scheme=\"\"\n\t\t\t\t\ttarget=\"\"\n\t\t\t\t\tclass=\"url-area\"\n\t\t\t\t\t>\n\t\t\t\t\t\t\t\t\t\t\t<area\n\t\t\t\t\tshape=\"poly\"\n\t\t\t\t\tcoords=\"310,590,321,565,327,569,334,567,340,559,341,550,348,545,364,554,358,580,363,582,364,591\"\n\t\t\t\t\thref=\"https:\/\/fjordos.usn.no\/soner\/sone33.html\"\n\t\t\t\t\trel=\"\"\n\t\t\t\t\ttitle=\"Sone 33 - Hvaler s\u00f8r\u00f8st\"\n\t\t\t\t\talt=\"Sone 33 - Hvaler s\u00f8r\u00f8st\"\n\t\t\t\t\tdata-action=\"url\"\n\t\t\t\t\tdata-color-scheme=\"\"\n\t\t\t\t\ttarget=\"\"\n\t\t\t\t\tclass=\"url-area\"\n\t\t\t\t\t>\n\t\t\t\t\t<\/map>\n\n\t\t\n\t\t\t\t\t\t\t\t\t\t\t\t\t\t\t\t\t\t\t\t\t\t\t\t\t\t\t\t\t\t\t\t\t\t\t\t\t\t\t\t\t\t\t\t\t\t\t\t\t\t\t\t\t\t\t\t\t\t\t\t\t\t\t\t\t\t\t\t\t\t\t\t\t\t\t\t\t\t\t\t\t\t\t\t\t\t\t\t\t\t\t\t\t\t\t\t\t\t\t\t\t\t<\/div>\n\n\n<\/div>\n\n\n\n<div class=\"wp-block-column is-vertically-aligned-center is-layout-flow wp-block-column-is-layout-flow\">\n<ol class=\"wp-block-list\"><li><a href=\"https:\/\/fjordos.usn.no\/soner\/sone01.html\">Bunnefjorden<\/a><\/li><li><a href=\"https:\/\/fjordos.usn.no\/soner\/sone02.html\">Vestfjorden nord<\/a><\/li><li><a href=\"https:\/\/fjordos.usn.no\/soner\/sone03.html\">Vestfjorden s\u00f8r<\/a><\/li><li><a href=\"https:\/\/fjordos.usn.no\/soner\/sone04.html\">Dr\u00f8baksundet nord<\/a><\/li><li><a href=\"https:\/\/fjordos.usn.no\/soner\/sone05.html\">Dr\u00f8baksundet s\u00f8r<\/a><\/li><li><a href=\"https:\/\/fjordos.usn.no\/soner\/sone06.html\">Indre Drammensfjord<\/a><\/li><li><a href=\"https:\/\/fjordos.usn.no\/soner\/sone07.html\">Ytre Drammensfjord<\/a><\/li><li><a href=\"https:\/\/fjordos.usn.no\/soner\/sone08.html\">Sande og Holmestrand<\/a><\/li><li><a href=\"https:\/\/fjordos.usn.no\/soner\/sone09.html\">Breiangen vest<\/a><\/li><li><a href=\"https:\/\/fjordos.usn.no\/soner\/sone10.html\">Breiangen \u00f8st<\/a><\/li><li><a href=\"https:\/\/fjordos.usn.no\/soner\/sone11.html\">Mossesundet<\/a><\/li><li><a href=\"https:\/\/fjordos.usn.no\/soner\/sone12.html\">Bast\u00f8yrenna<\/a><\/li><li><a href=\"https:\/\/fjordos.usn.no\/soner\/sone13.html\">Breiangen s\u00f8r<\/a><\/li><li><a href=\"https:\/\/fjordos.usn.no\/soner\/sone14.html\">Slagentangen<\/a><\/li><li><a href=\"https:\/\/fjordos.usn.no\/soner\/sone15.html\">Larkollen<\/a><\/li><li><a href=\"https:\/\/fjordos.usn.no\/soner\/sone16.html\">T\u00f8nsbergfjorden nord<\/a><\/li><li><a href=\"https:\/\/fjordos.usn.no\/soner\/sone17.html\">Bol\u00e6rne<\/a><\/li><li><a href=\"https:\/\/fjordos.usn.no\/soner\/sone18.html\">Hollenderb\u00e5en<\/a><\/li><li><a href=\"https:\/\/fjordos.usn.no\/soner\/sone10.html\">Rauer nord<\/a><\/li><li><a href=\"https:\/\/fjordos.usn.no\/soner\/sone20.html\">T\u00f8nsbergfjorden s\u00f8r og Sandefjord<\/a><\/li><li><a href=\"https:\/\/fjordos.usn.no\/soner\/sone21.html\">F\u00e6rder vest<\/a><\/li><li><a href=\"https:\/\/fjordos.usn.no\/soner\/sone22.html\">F\u00e6rder \u00f8st<\/a><\/li><li><a href=\"https:\/\/fjordos.usn.no\/soner\/sone23.html\">Hank\u00f8<\/a><\/li><li><a href=\"https:\/\/fjordos.usn.no\/soner\/sone24.html\">Str\u00f8mtangen<\/a><\/li><li><a href=\"https:\/\/fjordos.usn.no\/soner\/sone25.html\">Larvikfjorden<\/a><\/li><li><a href=\"https:\/\/fjordos.usn.no\/soner\/sone26.html\">Syd\u00f8st grunnen<\/a><\/li><li><a href=\"https:\/\/fjordos.usn.no\/soner\/sone27.html\">Tristein<\/a><\/li><li><a href=\"https:\/\/fjordos.usn.no\/soner\/sone28.html\">Torbj\u00f8rnskj\u00e6r vest<\/a><\/li><li><a href=\"https:\/\/fjordos.usn.no\/soner\/sone29.html\">Torbj\u00f8rnskj\u00e6r \u00f8st<\/a><\/li><li><a href=\"https:\/\/fjordos.usn.no\/soner\/sone30.html\">Hvaler s\u00f8r<\/a><\/li><li><a href=\"https:\/\/fjordos.usn.no\/soner\/sone31.html\">Hvaler nord<\/a><\/li><li><a href=\"https:\/\/fjordos.usn.no\/soner\/sone32.html\">Singlefjorden<\/a><\/li><li><a href=\"https:\/\/fjordos.usn.no\/soner\/sone33.html\">Hvaler s\u00f8r\u00f8st<\/a><\/li><\/ol>\n<\/div>\n<\/div>\n\n\n\n<p><\/p>\n\n\n\n<p><\/p>\n","protected":false},"excerpt":{"rendered":"<p>Str\u00f8m, hydrografi og drivbaner<\/p>\n","protected":false},"author":2,"featured_media":0,"parent":2077,"menu_order":0,"comment_status":"closed","ping_status":"closed","template":"","meta":{"footnotes":""},"class_list":["post-2079","page","type-page","status-publish","hentry"],"_links":{"self":[{"href":"https:\/\/fjordos.usn.no\/index.php?rest_route=\/wp\/v2\/pages\/2079","targetHints":{"allow":["GET"]}}],"collection":[{"href":"https:\/\/fjordos.usn.no\/index.php?rest_route=\/wp\/v2\/pages"}],"about":[{"href":"https:\/\/fjordos.usn.no\/index.php?rest_route=\/wp\/v2\/types\/page"}],"author":[{"embeddable":true,"href":"https:\/\/fjordos.usn.no\/index.php?rest_route=\/wp\/v2\/users\/2"}],"replies":[{"embeddable":true,"href":"https:\/\/fjordos.usn.no\/index.php?rest_route=%2Fwp%2Fv2%2Fcomments&post=2079"}],"version-history":[{"count":22,"href":"https:\/\/fjordos.usn.no\/index.php?rest_route=\/wp\/v2\/pages\/2079\/revisions"}],"predecessor-version":[{"id":4708,"href":"https:\/\/fjordos.usn.no\/index.php?rest_route=\/wp\/v2\/pages\/2079\/revisions\/4708"}],"up":[{"embeddable":true,"href":"https:\/\/fjordos.usn.no\/index.php?rest_route=\/wp\/v2\/pages\/2077"}],"wp:attachment":[{"href":"https:\/\/fjordos.usn.no\/index.php?rest_route=%2Fwp%2Fv2%2Fmedia&parent=2079"}],"curies":[{"name":"wp","href":"https:\/\/api.w.org\/{rel}","templated":true}]}}